g).
3
Let i(o) = 2*o**2 - 6*o. List the prime factors of i(6).
2, 3
List the prime factors of (-3 - -3)/(-5) + 35.
5, 7
Let v = -8 + 0. Let b = v - -26. List the prime factors of b.
2, 3
Let y be (-2)/8 - 164/(-16). Let s = y + 14. Suppose s = n - 4*i + 1, -5*i = -n + 26. What are the prime factors of n?
11
Let r(z) = z**2 - 2*z + 3. Let k be r(3). Suppose 4*u = 2*u + k. Suppose -27 = u*i - 6*i. List the prime factors of i.
3
Let f(v) be the first derivative of -v**2/2 + 14*v - 1. List the prime factors of f(0).
2, 7
Let i be 0*((-8)/6)/(-4). Suppose i = 2*o - 0*o - 10. What are the prime factors of o?
5
Let b = -15 - -28. Let f = b + -8. Suppose 0 = 5*k - k + 5*q - 37, -f*q = -5*k - 10. List the prime factors of k.
3
What are the prime factors of (2/(-6))/((-1)/24)?
2
Suppose -2*a - 2*r + 284 = 28, -2*r = -8. List the prime factors of (a/8)/((-2)/(-4)).
31
Suppose -5*a = -0 - 20. Let w be 2/a - (-268)/8. Suppose -5*x + i = -w, 5*x - 27 = 5*i + 3. What are the prime factors of x?
7
Suppose 0 = -m + 10 - 3. Let l = m + -4. List the prime factors of -1*l/(6/(-14)).
7
Let w be (-61)/(-7) + 2/7. Let g = w - 1. What are the prime factors of g?
2
Let h(c) = -c**2 + 19*c + 12. What are the prime factors of h(17)?
2, 23
Let b(x) = x**2 - 5*x - 4. List the prime factors of b(9).
2
Let a = 0 + 1. Let t = 3 - a. Suppose -t = -i - 3*k, -4*k + 1 = 2*i - i. What are the prime factors of i?
5
Suppose -3*x - 4 = -2*x. Let b = x - -4. Let y = b + 7. List the prime factors of y.
7
Let n = -22 - -54. List the prime factors of n.
2
Let m(y) = y**3 + 9*y**2 + 7. Let v = -1 - -7. Let b = v - 15. List the prime factors of m(b).
7
Let v(d) = -9*d + 1. Let p be v(4). Let k = p + 53. List the prime factors of k.
2, 3
Let l be (-6)/(-9)*(0 + 6). Suppose o = -3*o - l. Let u = 18 - o. What are the prime factors of u?
19
Let m(k) = -k + 19. Let g be m(16). List the prime factors of 2*((-186)/(-4))/g.
31
Suppose -22*y - 1351 = -29*y. What are the prime factors of y?
193
Suppose 5*o - 21 = 5*x - 106, -4*o + 5*x = 70. Let r = o + 22. What are the prime factors of r?
7
Let l = -4 + 4. Let y be (3 - 4)/((-2)/20). Suppose l = -5*z + y. List the prime factors of z.
2
Suppose -2*z + 4 + 2 = 0. Suppose -2*s = 4*k - 3*k - 37, z*s + 4*k = 58. What are the prime factors of s?
2, 3
Suppose w - 44 = -b, -3*w - 4*b + 128 = -0*b. List the prime factors of w.
2, 3
Suppose 5*s = 10 + 10. Suppose s*r - 27 + 3 = 0. Suppose 26 = 4*k + r. List the prime factors of k.
5
Let y = -6 + 8. Suppose -135 = a + y*a. List the prime factors of 3/(-12) + a/(-4).
11
Suppose 0 = 3*z - 4*z + 61. Suppose -z + 21 = -5*m. What are the prime factors of m?
2
Let f = 23 + -21. Suppose 0 = -2*b + f - 10, -3*k + b + 43 = 0. List the prime factors of k.
13
Suppose -2*v + 3 = -5. Let r(x) = -x**2 + 4*x + 2. What are the prime factors of r(v)?
2
Let h be 28/(-21)*(-6)/4. List the prime factors of h/((-12)/(-10))*3.
5
Let t(g) = -3*g + 1. Let p be t(-1). Suppose 5*n + 2*a - a + 9 = 0, 0 = 2*n - 2*a + 6. Let h = n + p. What are the prime factors of h?
2
Suppose 93 = 5*x - 2*h, -3*h - h = 3*x - 61. What are the prime factors of x?
19
Let w be (-1)/((3/(-2))/3). Suppose -m - w = -2*v + m, 5 = -v + 4*m. List the prime factors of v.
3
Let s = 15 + -3. List the prime factors of s.
2, 3
Let u(c) = -c**3 + 11*c**2 - 8*c + 2. What are the prime factors of u(7)?
2, 71
Suppose 0 = 3*d - 2*d - 120. List the prime factors of d.
2, 3, 5
Suppose 57 - 167 = -5*r. What are the prime factors of r?
2, 11
Let p = -34 - -23. Let c = p - -18. List the prime factors of c.
7
Let d = -8 + 11. Suppose -3*h - 12 = 0, g - 3*h - h = 16. Suppose g = d*f - 0*f - 33. What are the prime factors of f?
11
Let o(a) = a**2 - 11*a + 15. Let x = -21 + 32. What are the prime factors of o(x)?
3, 5
Suppose 5*x = -2*s + 14, 16 = 5*s - 0*x + 3*x. Suppose s = -2*q + 8. What are the prime factors of q?
3
Let q(x) = -2*x - 7. Let z(g) = g**3 - 10*g**2 + 7*g + 11. Suppose 0 = 3*b + b - 3*d - 45, 0 = -3*b + 3*d + 36. Let v be z(b). List the prime factors of q(v).
7
Suppose 5*g + k = -7, g - k + 0*k = -5. List the prime factors of g - 0 - (-32 + 3).
3
Suppose 8*x = -4*w + 3*x + 116, 5*w - 182 = 3*x. What are the prime factors of w?
2, 17
Let j = -18 - -26. Suppose 2*i + 16 = -y, 4*y = 7 - 23. Let g = j + i. List the prime factors of g.
2
Let n(l) = -2*l + 26. List the prime factors of n(11).
2
Let f be (2/(-4))/((-1)/12). Suppose -f = -y - y. Suppose 10 = 2*l + n, -2*l + 3*n + y - 1 = 0. List the prime factors of l.
2
Suppose -l + 21 = -37. What are the prime factors of l?
2, 29
Let s be (-33)/(3/(-2) - -1). Suppose -3*v + s + 9 = 0. List the prime factors of v.
5
Let j = 18 + -13. Suppose 2*f + 21 = j*f. What are the prime factors of f?
7
Suppose -22*l + 5*l = -2873. List the prime factors of l.
13
Suppose 4*m - 4*t = 2*m + 88, -5*t - 220 = -5*m. What are the prime factors of 4/(1 - 36/m)?
2, 11
Suppose 0 = g + 4*s + 60 - 175, 3*g = 3*s + 270. What are the prime factors of g?
5, 19
Let w = -51 - -340. What are the prime factors of w?
17
Suppose -5*l = 28 + 2. List the prime factors of (-87)/(-18) - 1/l.
5
Let v(k) = k + 2. Suppose 0 = 3*l - 18. List the prime factors of v(l).
2
Let h(p) be the third derivative of p**6/120 + p**5/30 + p**4/24 + p**2. Let y be h(-2). What are the prime factors of (-27)/y + 1/(-2)?
13
Suppose -4*t = -370 - 434. What are the prime factors of t?
3, 67
Let g(x) = 4*x**2 + 5*x - 3. List the prime factors of g(-5).
2, 3
Let n(k) = k**3 - 3*k**2 - 4*k + 3. Let u be n(4). Let x = 3 - u. Suppose t + t - 14 = x. What are the prime factors of t?
7
Let b(c) = -10*c**3 - c - 1. Let o be b(-1). Let g(t) = t**3 - 10*t**2 + 1. Let a be g(o). List the prime factors of a - 1 - (0 + -4).
2
Let x = 36 + 9. List the prime factors of x.
3, 5
What are the prime factors of (1 + -2)/((-15)/525)?
5, 7
Let i = -43 + 25. Suppose 3*j - 7 = -46. Let y = j - i. What are the prime factors of y?
5
Suppose 0 = -2*v + 4, -3*p - 5*v + 6 = -7*p. Let z = -25 - -54. Suppose 0 = -f - p, 0 = 3*n - f - z + 7. List the prime factors of n.
7
Suppose -3*b = -5*b. Suppose 4*i + 186 = 2*v, 2*i = -b*i - 8. What are the prime factors of 2/6 - v/(-15)?
2, 3
Suppose 2*b = -3*y - 4, 3*b = y + b - 12. What are the prime factors of y?
2
Let j(w) = 9*w + 4. Let m(h) = 4*h + 2. Let y(f) = 3*j(f) - 7*m(f). Let l be y(-7). Suppose 0*z - 3*i = -2*z - 9, 5*i - 40 = -l*z. List the prime factors of z.
3
Let l be -2 - (0 - 0) - -7. Let x be (3/(-1))/6*0. Let m = l - x. What are the prime factors of m?
5
Suppose 2*z = -3*t + 373, -3*z - 921 = -8*z + 4*t. List the prime factors of z.
5, 37
Suppose 0 = 4*b - 3*b - 132. What are the prime factors of b?
2, 3, 11
Let p(f) = -f + 3. Let q be p(3). Let w = -2 - q. List the prime factors of (w - -10 - 3)/1.
5
Let c = -49 - -238. What are the prime factors of c?
3, 7
Let q = -1 + -3. Suppose -50 = p - 5*j, -5*p + 43 - 178 = -2*j. What are the prime factors of (1 - q)*(-80)/p?
2
Let c(t) be the second derivative of t**8/6720 + t**7/360 + t**5/24 - t**4/6 + t. Let d(m) be the third derivative of c(m). What are the prime factors of d(-7)?
5
Let t(u) = u**3 + 5*u**2 + 5*u + 3. Let q be t(-3). Suppose 0 = -b + 10 - 1. Suppose -3*a - b = -q*a. List the prime factors of a.
3
Let w(s) = -s**3 - 7*s**2 - s + 9. List the prime factors of w(-7).
2
List the prime factors of (-1 - 0) + -3 + 13.
3
Let p(o) = o**3 - 3*o**2 - 2*o - 4. Let j be p(4). Suppose -5*r - j*d = -19 + 4, -2*r + 5*d + 6 = 0. List the prime factors of r.
3
Let h(a) = -2*a**3 - 6*a**2 - 5*a + 5. List the prime factors of h(-4).
3, 19
Let q be -2*2/6*-3. Let l = q - 0. What are the prime factors of l?
2
Suppose -16 = -3*q - 4. List the prime factors of (-20)/(-1) - q/(-4).
3, 7
Let v(a) = -a**2 - 4*a - 2. Let i be v(-4). Let t = i + 4. What are the prime factors of (-54)/(-8) + t/8?
7
Suppose 697 + 643 = 10*l. List the prime factors of l.
2, 67
Suppose 13 = -4*n + 45. Let h(c) = 2*c - 8. What are the prime factors of h(n)?
2
Suppose -4*a - 1 = -13. Suppose -a*g = -0 + 6. Let m(i) = -2*i**3 - 3*i**2 - i - 1. What are the prime factors of m(g)?
5
Let i(a) = -a**3 - 4*a**2 + 7*a. Let v = 5 - 11. Let j be i(v). Let s = j - 20. List the prime factors of s.
2, 5
Let p = -30 - -71. List the prime factors 